8. Let m(g) = g**2 + 8*g + 3. Calculate m(f).
-9
Let w(i) = -9*i - 3. Let h(l) = 9*l + 4. Let u(n) = 2*h(n) + 3*w(n). Let b = 0 - 2. Calculate u(b).
17
Let k(f) = -2*f - 1. Let u be 4/8*(4 + -4). Suppose 3*j - 13 = 5*x, -x - 3*j + u = -1. Determine k(x).
3
Let u(t) be the third derivative of 0*t - 1/6*t**3 - 1/4*t**4 + 14*t**2 + 0. Give u(-3).
17
Let a(p) be the first derivative of p**5/120 - 3*p**3 - 6. Let h(j) be the third derivative of a(j). Suppose -w + 2*b = 2 + 4, 4*w - 3*b + 24 = 0. What is h(w)?
-6
Let j(g) be the third derivative of -g**5/60 + g**4/6 + 3*g**3/2 + 4*g**2 + 5*g. Give j(7).
-12
Let a(n) = -12*n + 424. Let x be a(35). Let z(l) = 2 - 4*l + 1 + 3*l. What is z(x)?
-1
Let n(r) = -4*r**3 + 2 + 3*r**3 + r + 0 - 3*r**2. Let o(i) = 6*i + 8 + 0 - 18 + i**2 + 0*i**2. Let z be o(-7). Determine n(z).
-1
Let f(y) be the second derivative of -19*y - 2/3*y**3 + 0 + 4*y**2. Let o(j) = j**2 + 4*j + 1. Let s be o(-5). Determine f(s).
-16
Let d(l) = -l + 1. Let g = 130 - 139. Determine d(g).
10
Let a(q) be the first derivative of q**4/12 - q**3 + 5*q**2/2 + 12*q + 4. Let g(l) be the first derivative of a(l). Calculate g(5).
0
Let z(y) be the first derivative of -y**4/4 - y**3 - 5*y**2/2 - 2*y - 1523. Let b = -1 + -2. Calculate z(b).
13
Suppose -2*l + 0*l = -2. Suppose -c + l + 1 = 0. Let v(s) = -3*s**2 - 1 + 3 + s**c + s**2. Give v(0).
2
Let z(j) = 5*j**3 + 6*j**2 - j + 4. Let x = 10 + -21. Let o(r) = -9*r**3 - 11*r**2 + 2*r - 7. Let i(c) = x*z(c) - 6*o(c). Calculate i(0).
-2
Let w(z) = -3265*z - 2 + 6566*z - 3297*z. Let s = 1 - -2. Calculate w(s).
10
Let y(q) = q**3 - 4*q**2 - 4*q - 5. Let p be y(5). Suppose -z - 3 = -p*z. Let i(v) = 3*v + 5. Let a(d) = -14*d - 26. Let b(r) = -2*a(r) - 11*i(r). What is b(z)?
12
Let k(r) = -r**3 - 4*r**2 + r + 6. Let d be 4*((-3)/6)/(-1) + -6. What is k(d)?
2
Let o(b) = 4*b**3 - 28*b**2 + 3*b - 8. Let a be o(7). Let j(h) = h**2 - 11*h - 33. Determine j(a).
-7
Let g(i) = i**2 - 2*i**2 - 1 + 2*i - 7*i. Let n be 44/(-242) - (-972)/22. Let h = 40 - n. Determine g(h).
3
Let t(c) = -9*c**3 - 5*c**2 + c - 9. Let r(p) = -4*p**3 - 3*p**2 + p - 5. Let n(o) = 5*r(o) - 3*t(o). Determine n(-1).
-7
Let y(x) = x**3 + 3*x**2 + 2*x + 1. Let r be 9/(-63) - (-18)/(-21). Determine y(r).
1
Let z(i) be the first derivative of 4*i + 3 + 1/6*i**3 + 1/2*i**2 - 1/12*i**4. Let k(v) be the first derivative of z(v). Calculate k(-3).
-11
Let k be (-4)/(-12) + 0 + 145/15. Suppose k*x - 9 = 13*x. Let c(h) be the second derivative of -h**4/4 - 2*h**3/3 - h**2/2 + h. Give c(x).
-16
Let l(g) = -3 + 5 + 5 + 5 - 2*g - 14. Determine l(8).
-18
Let w(z) = -2 + 3*z - 6 + 11 - 2*z**3. Let q(v) = 2*v - 34. Let l be q(16). What is w(l)?
13
Let w(s) = -s**3 - 5*s**2 - 3*s - 7. Let c(f) = f**3 + 30*f**2 - 63*f + 27. Let n be c(-32). Give w(n).
8
Let m(r) be the first derivative of r**2 - 4*r + 1. Let d(b) = 4*b - 7. Let t(u) = -3*d(u) + 5*m(u). Calculate t(-3).
7
Suppose 5 = -l, -2*i - 2*l + 92 - 82 = 0. Let o(t) = t**3 - 9*t**2 - 11*t + 5. Give o(i).
-5
Let a(v) = 3 + 147*v + 2*v**2 + 4*v**2 - 151*v. What is a(2)?
19
Suppose 6 = -5*v - 24. Let n(l) = -l - 5. Let g be n(v). Let b(y) = 23*y + 3. Let q(u) = -74*u - 11. Let k(a) = -7*b(a) - 2*q(a). Calculate k(g).
-12
Let z(b) = -b**3 + 11*b**2 - 16*b + 11. Let h(u) = 127*u + 772. Let t be h(-6). What is z(t)?
-49
Let t(f) = -3*f - 11. Let u(n) = -5*n + 4. Let d be u(2). Calculate t(d).
7
Let w(m) = m**2 - m - 1. Suppose 11 = 3*g - 1. Let l = g + -8. Let j be 8/l + (0 - -1). Determine w(j).
1
Let p(x) = 2*x + 5. Suppose q - 3*v - 9 = 0, -5*q - 24*v = -26*v + 20. Calculate p(q).
-7
Let s(r) = -r + 6. Let v be s(0). Let f(t) = 7*t**3 + 9*t - 15. Let u(w) = -8*w**3 - w**2 - 10*w + 16. Let x = -30 - -37. Let d(j) = x*f(j) + 6*u(j). Give d(v).
9
Let n(l) = 2*l - 9. Let f be n(6). Let q(u) = -u**3 + 1 + 4 - f*u**2 - 6 - 1. What is q(-3)?
-2
Let h(k) be the third derivative of 0 + 7/6*k**3 - 6*k**2 + 0*k + 1/24*k**4. Calculate h(-5).
2
Let k(h) = -8 - 18*h + 24*h - 24*h + 17*h. Calculate k(-11).
3
Let q = 97 + -94. Let f(o) = -36*o - o**2 + 22*o - 2*o**q + 16*o + 0*o**3. What is f(-2)?
8
Let p(g) be the third derivative of 0 + 1/6*g**4 + 0*g**3 + 11*g**2 + 0*g. Determine p(-1).
-4
Suppose m - 8 = 3*m + 3*o, o + 4 = -2*m. Let k(d) = 2*d + 3. Let c(x) = 8*x + 13. Let g(j) = 6*c(j) - 26*k(j). Give g(m).
4
Let r(w) = -w**3 + 10*w**2 - 5*w + 9. Let n(v) = v**2. Let f(j) = 3*n(j) - r(j). Determine f(6).
-15
Let d(a) be the first derivative of a**5/60 - a**3/6 + 9*a**2/2 + 1. Let p(b) be the second derivative of d(b). What is p(-3)?
8
Let f(h) = -2*h + 14*h**2 - h**3 - 15*h - 3 + 19*h - 15*h. Let d(x) = x**3 - 15*x**2 + 14*x + 3. Let t(a) = 4*d(a) + 5*f(a). Determine t(9).
-3
Suppose 0 = -6*n - 177 + 141. Let m(u) = -u**3 - 5*u**2 + 6*u + 4. Give m(n).
4
Suppose -z - 1 = 4*r, -2*z + 3*r = 5*r - 4. Let a(c) be the second derivative of -6*c + 1/6*c**z + 0 - 2*c**2. Calculate a(6).
2
Let b be 3/(4/(84/3)). Let t(w) = b - 15 - 13 - w. What is t(-4)?
-3
Let t(s) = 19*s - 16*s + 6 - 2 - s**3. Suppose 5 = r + 1, 0 = 2*c + 2*r - 8. Suppose 3*k - 3*l - 12 = c, k - l = -k + 7. Give t(k).
-14
Let q(g) = 2*g - 2. Let k(u) = -u**2 + 19*u - 12. Let p = 37 - 19. Let i be k(p). Suppose -10*s + i*s = 16. Calculate q(s).
-10
Let d(x) = 2*x**2. Let q = -85 - -118. Suppose 3*r = -27 + q. Give d(r).
8
Let n(t) be the second derivative of -t**5/20 - 5*t**4/6 - 5*t**3/2 + t**2/2 + 614*t. Calculate n(-8).
-7
Let f(k) = 4*k**2 - 12*k. Let l be f(5). Let n be l/(-16)*4*2/(-5). Let a(g) = g**3 - 6*g**2 + 7*g - 6. Determine a(n).
-10
Suppose 5*m - 2 = 10*p - 11*p, 0 = 5*m + 5. Let k(g) = -g + 11. Give k(p).
4
Suppose 18 = -w + 21. Let f(x) = 2*x - 41*x**2 + 2*x**3 + 87*x**2 - 3*x**3 - w - 42*x**2. Suppose -8 - 8 = -4*u. Give f(u).
5
Suppose 3*n = 5*s + 139, 3*s + 63 = n - 2*s. Suppose -33*p + n*p = 10. Let k(i) be the first derivative of -i**4/4 + i**3/3 - i**2 + i - 1. What is k(p)?
-7
Let k(c) = 31*c**3 + 3*c**2 + 7. Let d(s) = 27*s**3 + 2*s**2 + s + 7. Let x(n) = -8*d(n) + 7*k(n). Let q(w) = -2*w**2 - 3*w + 3. Let i be q(-3). Calculate x(i).
5
Suppose -g - s - 1 = 0, -3*s = -5*g + s - 50. Suppose -a + 0*a = -q + 100, -4*a - 94 = -q. Let y(w) = -47 + 2*w - 46 + q. Calculate y(g).
-3
Let r(c) = 15*c - c**2 - 3 + 14*c - 27*c. Let h be 1/(-2) - (-21)/6. Give r(h).
-6
Let o(i) = 3*i**2 + 3*i - 3 - 3*i**2 - 2*i**2. Suppose 16*k = 28*k + 264. Let w be 3 + 26/k - (-4)/22. What is o(w)?
-5
Let i(r) = -2*r + 3. Suppose 19 = 2*z - 2*f + f, -5*f = -z + 32. Let j(c) = 3*c + 6 + 0*c + z - 2*c. Let l be j(-9). Give i(l).
-5
Let r(a) = a + 4. Let b(f) = -f**2 - 3*f + 6. Let m = 1 + -6. Let g be b(m). Let y be (-54)/10 - g/10. What is r(y)?
-1
Suppose -4*u + 10 = -4*x + 2, 4*u = -x + 8. Let g(r) = 7 - r + 7*r - u*r - 5*r. What is g(4)?
3
Suppose 0*q = -3*q. Let z be 1*(q/4)/(-2). Let c(u) = -3*u**2 - u + 10*u**2 - 8*u**2. What is c(z)?
0
Let d(o) be the first derivative of -o**5/60 + o**4/4 - 7*o**3/6 + 21*o**2/2 + 21. Let y(h) be the second derivative of d(h). What is y(6)?
-7
Let x(y) = -y + 31. Let s be 426/(-30) - -15 - (-62)/10. Determine x(s).
24
Suppose 0 = -2*t - 12. Let w(v) = v - 2. Let i(g) = 1. Let x(a) = -6*i(a) + w(a). Calculate x(t).
-14
Let m(z) be the third derivative of -z**6/120 + z**4/8 - z**3/6 + 11*z**2 + 1. Let x = 16 - 14. Determine m(x).
-3
Let u(l) = -2*l**2 - 3*l + 8. Let m be u(-3). Let i(r) = -2*r**2. Calculate i(m).
-2
Let i(l) be the second derivative of 0*l**2 + 0 + 1/6*l**3 - 1/12*l**4 - 14*l. Calculate i(-1).
-2
Let n = 3 - 9. Let m = n + 3. Let k be -3 - (2 + m + 0). Let a(b) = 4*b. Give a(k).
-8
Let r = 21 - 15. Let w(l) = l**3 - 9*l**2 - 3*l - 5. Let p(b) = -b**3 + 10*b**2 + 2*b + 6. Let k = 14 - 9. Let m(n) = k*w(n) + 4*p(n). Give m(r).
-7
Let u(v) = v**2 + 3*v - 4. Suppose 0 = -4*c + 4*w + 12, -5*w - 11 - 4 = 0. Suppose 4*h + 4*m = c, 4*h = 2*m - 15 - 9. Give u(h).
0
Let n(t) = t + 2 - 6*t - 3 + 0. Suppose 3*q - 40 = 5*m, -m + 8 = 3*q - 2. Suppose 3*k + 2*k - q = 0. What is n(k)?
-6
Let w = -54 + 59. Let i(s) = 0*s**3 - 2*s**3 - 7 + 4*s**2 + s**3 + 6*s. Calculate i(w).
-2
Let w(p) = 3*p**2 - 2*p - 2. Let g = 74 - 72. Give w(g).
6
Let n(d) = d**2 + 5*d + 4. Suppose -1 = -0*o - o. Let c be (-5 - -6)/(o/(-3)). Calculat